{"id":7826,"date":"2024-11-15T10:36:29","date_gmt":"2024-11-15T09:36:29","guid":{"rendered":"https:\/\/egyedit.hu\/termekek\/cicas-bogre-but-fist-my-cat\/"},"modified":"2025-07-09T13:27:22","modified_gmt":"2025-07-09T12:27:22","slug":"cicas-bogre-but-fist-my-cat","status":"publish","type":"product","link":"https:\/\/tradevancehub.hu\/egyedit\/termekek\/cicas-bogre-but-fist-my-cat\/","title":{"rendered":"Cic\u00e1s b\u00f6gre &#8211; but first my cat"},"content":{"rendered":"<h3><span data-sheets-root=\"1\">Cic\u00e1s b\u00f6gre macskaim\u00e1d\u00f3 gazdiknak. V\u00e1s\u00e1rolj cic\u00e1s b\u00f6gr\u00e9t, hogy mindig kiskedvenceddel induljon a napod.<\/span><\/h3>\n<p><span data-sheets-root=\"1\">A szublim\u00e1ci\u00f3s technika seg\u00edts\u00e9g\u00e9vel kop\u00e1smentes nyomatokat tudunk k\u00e9sz\u00edteni, ami mos\u00e1snak ellen\u00e1ll.<\/span><\/p>\n<p><span data-sheets-root=\"1\">Tekintsd meg tov\u00e1bbi term\u00e9keinket kiskedvencekr\u0151l az al\u00e1bbi <a href=\"https:\/\/egyedit.hu\/bogrek\/\">linken<\/a>.<\/span><\/p>\n<p><span data-sheets-root=\"1\">Amennyiben \u00e9rdekl\u0151dsz a szublim\u00e1ci\u00f3s technika ir\u00e1nt, b\u0151vebb inform\u00e1ci\u00f3k <a href=\"https:\/\/gepet.hu\/szublimacio\/\">ITT<\/a>.<\/span><\/p>\n<ul>\n<li>egyedi term\u00e9kek<\/li>\n<li>b\u00f6gr\u00e9k, kulacsok, v\u00e1szont\u00e1sk\u00e1k<\/li>\n<li>szublim\u00e1ci\u00f3<\/li>\n<\/ul>\n","protected":false},"excerpt":{"rendered":"<h3><span data-sheets-root=\"1\">Cic\u00e1s b\u00f6gre macskaim\u00e1d\u00f3 gazdiknak. V\u00e1s\u00e1rolj cic\u00e1s b\u00f6gr\u00e9t, hogy mindig kiskedvenceddel induljon a napod.<\/span><\/h3>\n","protected":false},"featured_media":100000063148,"comment_status":"closed","ping_status":"closed","template":"","meta":{"_acf_changed":false,"_uag_custom_page_level_css":""},"product_brand":[],"product_cat":[63,191,254,195,196,198,215,243,62,255,256,257],"product_tag":[258,259,260,261,262,263,264],"class_list":{"0":"post-7826","1":"product","2":"type-product","3":"status-publish","4":"has-post-thumbnail","6":"product_cat-bogre","7":"product_cat-bogrek","8":"product_cat-bogrek-poharak-kancsok","9":"product_cat-egyedit-technologia","10":"product_cat-egyedit-tema","11":"product_cat-egyedit-termek","12":"product_cat-kiskedvencek","13":"product_cat-szeretteinknek","14":"product_cat-szublimacio","15":"product_cat-szublimaciohoz","16":"product_cat-szublimacios-kiegeszito","17":"product_cat-szublimalhato-termekek","18":"product_tag-ajandek","19":"product_tag-bogre","20":"product_tag-cica","21":"product_tag-egyedi-termek","22":"product_tag-kiskedvenc","23":"product_tag-macska","24":"product_tag-szublimacio","25":"sales-flash-overlay","26":"woocommerce-text-align-center","27":"woocommerce-image-align-center","28":"do-quantity-buttons","30":"first","31":"instock","32":"taxable","33":"shipping-taxable","34":"purchasable","35":"product-type-simple"},"acf":[],"yoast_head":"<!-- This site is optimized with the Yoast SEO Premium plugin v23.7 (Yoast SEO v27.4) - https:\/\/yoast.com\/product\/yoast-seo-premium-wordpress\/ -->\n<title>Cic\u00e1s b\u00f6gre - but first my cat - Egyedit<\/title>\n<meta name=\"robots\" content=\"noindex, follow, max-snippet:-1, max-image-preview:large, max-video-preview:-1\" \/>\n<meta property=\"og:locale\" content=\"hu_HU\" \/>\n<meta property=\"og:type\" content=\"article\" \/>\n<meta property=\"og:title\" content=\"Cic\u00e1s b\u00f6gre - but first my cat - Egyedit\" \/>\n<meta property=\"og:description\" content=\"Cic\u00e1s b\u00f6gre macskaim\u00e1d\u00f3 gazdiknak. V\u00e1s\u00e1rolj cic\u00e1s b\u00f6gr\u00e9t, hogy mindig kiskedvenceddel induljon a napod.\" \/>\n<meta property=\"og:url\" content=\"https:\/\/tradevancehub.hu\/egyedit\/termekek\/cicas-bogre-but-fist-my-cat\/\" \/>\n<meta property=\"og:site_name\" content=\"Egyedit\" \/>\n<meta property=\"article:modified_time\" content=\"2025-07-09T12:27:22+00:00\" \/>\n<meta name=\"twitter:card\" content=\"summary_large_image\" \/>\n<script type=\"application\/ld+json\" class=\"yoast-schema-graph\">{\"@context\":\"https:\\\/\\\/schema.org\",\"@graph\":[{\"@type\":\"WebPage\",\"@id\":\"https:\\\/\\\/tradevancehub.hu\\\/egyedit\\\/termekek\\\/cicas-bogre-but-fist-my-cat\\\/\",\"url\":\"https:\\\/\\\/tradevancehub.hu\\\/egyedit\\\/termekek\\\/cicas-bogre-but-fist-my-cat\\\/\",\"name\":\"Cic\u00e1s b\u00f6gre - but first my cat - Egyedit\",\"isPartOf\":{\"@id\":\"https:\\\/\\\/tradevancehub.hu\\\/egyedit\\\/#website\"},\"primaryImageOfPage\":{\"@id\":\"https:\\\/\\\/tradevancehub.hu\\\/egyedit\\\/termekek\\\/cicas-bogre-but-fist-my-cat\\\/#primaryimage\"},\"image\":{\"@id\":\"https:\\\/\\\/tradevancehub.hu\\\/egyedit\\\/termekek\\\/cicas-bogre-but-fist-my-cat\\\/#primaryimage\"},\"thumbnailUrl\":\"https:\\\/\\\/tradevancehub.hu\\\/egyedit\\\/wp-content\\\/uploads\\\/2024\\\/11\\\/macskas_bogre_7.png\",\"datePublished\":\"2024-11-15T09:36:29+00:00\",\"dateModified\":\"2025-07-09T12:27:22+00:00\",\"breadcrumb\":{\"@id\":\"https:\\\/\\\/tradevancehub.hu\\\/egyedit\\\/termekek\\\/cicas-bogre-but-fist-my-cat\\\/#breadcrumb\"},\"inLanguage\":\"hu\",\"potentialAction\":[{\"@type\":\"ReadAction\",\"target\":[\"https:\\\/\\\/tradevancehub.hu\\\/egyedit\\\/termekek\\\/cicas-bogre-but-fist-my-cat\\\/\"]}]},{\"@type\":\"ImageObject\",\"inLanguage\":\"hu\",\"@id\":\"https:\\\/\\\/tradevancehub.hu\\\/egyedit\\\/termekek\\\/cicas-bogre-but-fist-my-cat\\\/#primaryimage\",\"url\":\"https:\\\/\\\/tradevancehub.hu\\\/egyedit\\\/wp-content\\\/uploads\\\/2024\\\/11\\\/macskas_bogre_7.png\",\"contentUrl\":\"https:\\\/\\\/tradevancehub.hu\\\/egyedit\\\/wp-content\\\/uploads\\\/2024\\\/11\\\/macskas_bogre_7.png\"},{\"@type\":\"BreadcrumbList\",\"@id\":\"https:\\\/\\\/tradevancehub.hu\\\/egyedit\\\/termekek\\\/cicas-bogre-but-fist-my-cat\\\/#breadcrumb\",\"itemListElement\":[{\"@type\":\"ListItem\",\"position\":1,\"name\":\"Shop\",\"item\":\"https:\\\/\\\/tradevancehub.hu\\\/egyedit\\\/shop\\\/\"},{\"@type\":\"ListItem\",\"position\":2,\"name\":\"Cic\u00e1s b\u00f6gre &#8211; but first my cat\"}]},{\"@type\":\"WebSite\",\"@id\":\"https:\\\/\\\/tradevancehub.hu\\\/egyedit\\\/#website\",\"url\":\"https:\\\/\\\/tradevancehub.hu\\\/egyedit\\\/\",\"name\":\"Egyedit\",\"description\":\"\",\"publisher\":{\"@id\":\"https:\\\/\\\/tradevancehub.hu\\\/egyedit\\\/#organization\"},\"potentialAction\":[{\"@type\":\"SearchAction\",\"target\":{\"@type\":\"EntryPoint\",\"urlTemplate\":\"https:\\\/\\\/tradevancehub.hu\\\/egyedit\\\/?s={search_term_string}\"},\"query-input\":{\"@type\":\"PropertyValueSpecification\",\"valueRequired\":true,\"valueName\":\"search_term_string\"}}],\"inLanguage\":\"hu\"},{\"@type\":\"Organization\",\"@id\":\"https:\\\/\\\/tradevancehub.hu\\\/egyedit\\\/#organization\",\"name\":\"Egyedit\",\"url\":\"https:\\\/\\\/tradevancehub.hu\\\/egyedit\\\/\",\"logo\":{\"@type\":\"ImageObject\",\"inLanguage\":\"hu\",\"@id\":\"https:\\\/\\\/tradevancehub.hu\\\/egyedit\\\/#\\\/schema\\\/logo\\\/image\\\/\",\"url\":\"https:\\\/\\\/tradevancehub.hu\\\/egyedit\\\/wp-content\\\/uploads\\\/sites\\\/8\\\/2024\\\/03\\\/Group-1.png\",\"contentUrl\":\"https:\\\/\\\/tradevancehub.hu\\\/egyedit\\\/wp-content\\\/uploads\\\/sites\\\/8\\\/2024\\\/03\\\/Group-1.png\",\"width\":313,\"height\":89,\"caption\":\"Egyedit\"},\"image\":{\"@id\":\"https:\\\/\\\/tradevancehub.hu\\\/egyedit\\\/#\\\/schema\\\/logo\\\/image\\\/\"}}]}<\/script>\n<!-- \/ Yoast SEO Premium plugin. -->","yoast_head_json":{"title":"Cic\u00e1s b\u00f6gre - but first my cat - Egyedit","robots":{"index":"noindex","follow":"follow","max-snippet":"max-snippet:-1","max-image-preview":"max-image-preview:large","max-video-preview":"max-video-preview:-1"},"og_locale":"hu_HU","og_type":"article","og_title":"Cic\u00e1s b\u00f6gre - but first my cat - Egyedit","og_description":"Cic\u00e1s b\u00f6gre macskaim\u00e1d\u00f3 gazdiknak. V\u00e1s\u00e1rolj cic\u00e1s b\u00f6gr\u00e9t, hogy mindig kiskedvenceddel induljon a napod.","og_url":"https:\/\/tradevancehub.hu\/egyedit\/termekek\/cicas-bogre-but-fist-my-cat\/","og_site_name":"Egyedit","article_modified_time":"2025-07-09T12:27:22+00:00","twitter_card":"summary_large_image","schema":{"@context":"https:\/\/schema.org","@graph":[{"@type":"WebPage","@id":"https:\/\/tradevancehub.hu\/egyedit\/termekek\/cicas-bogre-but-fist-my-cat\/","url":"https:\/\/tradevancehub.hu\/egyedit\/termekek\/cicas-bogre-but-fist-my-cat\/","name":"Cic\u00e1s b\u00f6gre - but first my cat - Egyedit","isPartOf":{"@id":"https:\/\/tradevancehub.hu\/egyedit\/#website"},"primaryImageOfPage":{"@id":"https:\/\/tradevancehub.hu\/egyedit\/termekek\/cicas-bogre-but-fist-my-cat\/#primaryimage"},"image":{"@id":"https:\/\/tradevancehub.hu\/egyedit\/termekek\/cicas-bogre-but-fist-my-cat\/#primaryimage"},"thumbnailUrl":"https:\/\/tradevancehub.hu\/egyedit\/wp-content\/uploads\/2024\/11\/macskas_bogre_7.png","datePublished":"2024-11-15T09:36:29+00:00","dateModified":"2025-07-09T12:27:22+00:00","breadcrumb":{"@id":"https:\/\/tradevancehub.hu\/egyedit\/termekek\/cicas-bogre-but-fist-my-cat\/#breadcrumb"},"inLanguage":"hu","potentialAction":[{"@type":"ReadAction","target":["https:\/\/tradevancehub.hu\/egyedit\/termekek\/cicas-bogre-but-fist-my-cat\/"]}]},{"@type":"ImageObject","inLanguage":"hu","@id":"https:\/\/tradevancehub.hu\/egyedit\/termekek\/cicas-bogre-but-fist-my-cat\/#primaryimage","url":"https:\/\/tradevancehub.hu\/egyedit\/wp-content\/uploads\/2024\/11\/macskas_bogre_7.png","contentUrl":"https:\/\/tradevancehub.hu\/egyedit\/wp-content\/uploads\/2024\/11\/macskas_bogre_7.png"},{"@type":"BreadcrumbList","@id":"https:\/\/tradevancehub.hu\/egyedit\/termekek\/cicas-bogre-but-fist-my-cat\/#breadcrumb","itemListElement":[{"@type":"ListItem","position":1,"name":"Shop","item":"https:\/\/tradevancehub.hu\/egyedit\/shop\/"},{"@type":"ListItem","position":2,"name":"Cic\u00e1s b\u00f6gre &#8211; but first my cat"}]},{"@type":"WebSite","@id":"https:\/\/tradevancehub.hu\/egyedit\/#website","url":"https:\/\/tradevancehub.hu\/egyedit\/","name":"Egyedit","description":"","publisher":{"@id":"https:\/\/tradevancehub.hu\/egyedit\/#organization"},"potentialAction":[{"@type":"SearchAction","target":{"@type":"EntryPoint","urlTemplate":"https:\/\/tradevancehub.hu\/egyedit\/?s={search_term_string}"},"query-input":{"@type":"PropertyValueSpecification","valueRequired":true,"valueName":"search_term_string"}}],"inLanguage":"hu"},{"@type":"Organization","@id":"https:\/\/tradevancehub.hu\/egyedit\/#organization","name":"Egyedit","url":"https:\/\/tradevancehub.hu\/egyedit\/","logo":{"@type":"ImageObject","inLanguage":"hu","@id":"https:\/\/tradevancehub.hu\/egyedit\/#\/schema\/logo\/image\/","url":"https:\/\/tradevancehub.hu\/egyedit\/wp-content\/uploads\/sites\/8\/2024\/03\/Group-1.png","contentUrl":"https:\/\/tradevancehub.hu\/egyedit\/wp-content\/uploads\/sites\/8\/2024\/03\/Group-1.png","width":313,"height":89,"caption":"Egyedit"},"image":{"@id":"https:\/\/tradevancehub.hu\/egyedit\/#\/schema\/logo\/image\/"}}]}},"uagb_featured_image_src":{"full":["https:\/\/tradevancehub.hu\/egyedit\/wp-content\/uploads\/2024\/11\/macskas_bogre_7.png",797,621,false],"thumbnail":["https:\/\/tradevancehub.hu\/egyedit\/wp-content\/uploads\/2024\/11\/macskas_bogre_7-150x150.png",150,150,true],"medium":["https:\/\/tradevancehub.hu\/egyedit\/wp-content\/uploads\/2024\/11\/macskas_bogre_7-300x234.png",300,234,true],"medium_large":["https:\/\/tradevancehub.hu\/egyedit\/wp-content\/uploads\/2024\/11\/macskas_bogre_7-768x598.png",768,598,true],"large":["https:\/\/tradevancehub.hu\/egyedit\/wp-content\/uploads\/2024\/11\/macskas_bogre_7.png",797,621,false],"1536x1536":["https:\/\/tradevancehub.hu\/egyedit\/wp-content\/uploads\/2024\/11\/macskas_bogre_7.png",797,621,false],"2048x2048":["https:\/\/tradevancehub.hu\/egyedit\/wp-content\/uploads\/2024\/11\/macskas_bogre_7.png",797,621,false],"woocommerce_thumbnail":["https:\/\/tradevancehub.hu\/egyedit\/wp-content\/uploads\/2024\/11\/macskas_bogre_7-300x300.png",300,300,true],"woocommerce_single":["https:\/\/tradevancehub.hu\/egyedit\/wp-content\/uploads\/2024\/11\/macskas_bogre_7-600x468.png",600,468,true],"woocommerce_gallery_thumbnail":["https:\/\/tradevancehub.hu\/egyedit\/wp-content\/uploads\/2024\/11\/macskas_bogre_7-100x100.png",100,100,true]},"uagb_author_info":{"display_name":"","author_link":"https:\/\/tradevancehub.hu\/egyedit\/author\/"},"uagb_comment_info":0,"uagb_excerpt":"Cic\u00e1s b\u00f6gre macskaim\u00e1d\u00f3 gazdiknak. V\u00e1s\u00e1rolj cic\u00e1s b\u00f6gr\u00e9t, hogy mindig kiskedvenceddel induljon a napod.","_links":{"self":[{"href":"https:\/\/tradevancehub.hu\/egyedit\/wp-json\/wp\/v2\/product\/7826","targetHints":{"allow":["GET"]}}],"collection":[{"href":"https:\/\/tradevancehub.hu\/egyedit\/wp-json\/wp\/v2\/product"}],"about":[{"href":"https:\/\/tradevancehub.hu\/egyedit\/wp-json\/wp\/v2\/types\/product"}],"replies":[{"embeddable":true,"href":"https:\/\/tradevancehub.hu\/egyedit\/wp-json\/wp\/v2\/comments?post=7826"}],"wp:featuredmedia":[{"embeddable":true,"href":"https:\/\/tradevancehub.hu\/egyedit\/wp-json\/"}],"wp:attachment":[{"href":"https:\/\/tradevancehub.hu\/egyedit\/wp-json\/wp\/v2\/media?parent=7826"}],"wp:term":[{"taxonomy":"product_brand","embeddable":true,"href":"https:\/\/tradevancehub.hu\/egyedit\/wp-json\/wp\/v2\/product_brand?post=7826"},{"taxonomy":"product_cat","embeddable":true,"href":"https:\/\/tradevancehub.hu\/egyedit\/wp-json\/wp\/v2\/product_cat?post=7826"},{"taxonomy":"product_tag","embeddable":true,"href":"https:\/\/tradevancehub.hu\/egyedit\/wp-json\/wp\/v2\/product_tag?post=7826"}],"curies":[{"name":"wp","href":"https:\/\/api.w.org\/{rel}","templated":true}]}}