{"id":1053,"date":"2023-10-10T08:15:19","date_gmt":"2023-10-10T08:15:19","guid":{"rendered":"https:\/\/egyedit.hu\/product\/vonalrajzos-polo-noi\/"},"modified":"2024-09-30T09:58:04","modified_gmt":"2024-09-30T09:58:04","slug":"vonalrajzos-polo-noi","status":"publish","type":"product","link":"https:\/\/tradevancehub.hu\/egyedit\/termekek\/vonalrajzos-polo-noi\/","title":{"rendered":"Vonalrajzos p\u00f3l\u00f3 (n\u0151i)"},"content":{"rendered":"<p><strong>Figyelem!<\/strong> (Az anyag magas h\u0151fokon hamarabb amortiz\u00e1l\u00f3dik.)<br \/>\nIde\u00e1lis h\u0151fok mos\u00e1shoz:<br \/>\nSz\u00ednes: 30\u00baC<br \/>\nFeh\u00e9r: 40\u00baC<br \/>\n<strong>K\u00e9r\u00fcnk t\u00e9ged, hogy figyelmesen n\u00e9zd \u00e1t a m\u00e9ret \u00e9s sz\u00edn t\u00e1bl\u00e1zatot!<\/strong><\/p>\n","protected":false},"excerpt":{"rendered":"<p><strong>Bemutatjuk \u00faj vonalrajzos h\u00edmzett term\u00e9k\u00fcnket<\/strong>, amely egyedi k\u00e9p alapj\u00e1n k\u00e9sz\u00fcl. Ezen term\u00e9k egy igazi m\u0171v\u00e9szi alkot\u00e1snak sz\u00e1m\u00edt, \u00e9s a legjobb min\u0151s\u00e9g\u0171 anyagok felhaszn\u00e1l\u00e1s\u00e1val k\u00e9sz\u00fcl.<\/p>\n<p>A vonalrajzos h\u00edmzett term\u00e9k <strong>egy olyan k\u00fcl\u00f6nleges technika eredm\u00e9nye<\/strong>, amely sor\u00e1n a k\u00e9pek szinte var\u00e1zslatosan jelennek meg a text\u00edli\u00e1n. Ez a term\u00e9k t\u00f6k\u00e9letes aj\u00e1nd\u00e9k lehet b\u00e1rmilyen alkalomra, hiszen <strong>egyedi jellege miatt garant\u00e1ltan eml\u00e9kezetes lesz. <\/strong><\/p>\n<p>Ha szeretn\u00e9l valami igaz\u00e1n k\u00fcl\u00f6nlegeset adni aj\u00e1nd\u00e9kba, akkor ez a vonalrajzos h\u00edmzett term\u00e9k a t\u00f6k\u00e9letes v\u00e1laszt\u00e1s!\u00a0 A m\u0171v\u00e9szi h\u00edmz\u00e9ssel k\u00e9sz\u00fclt k\u00e9pek \u00e9s mint\u00e1k garant\u00e1ltan leny\u0171g\u00f6zik majd a megaj\u00e1nd\u00e9kozottat!<\/p>\n<p><em><strong>Az \u00e1r egy darab term\u00e9kre vonatkozik!<\/strong><\/em><\/p>\n","protected":false},"featured_media":100000033454,"comment_status":"closed","ping_status":"closed","template":"","meta":{"_acf_changed":false,"_uag_custom_page_level_css":""},"product_brand":[],"product_cat":[195,196,198,209,57,225,42,116,243,40],"product_tag":[],"class_list":{"0":"post-1053","1":"product","2":"type-product","3":"status-publish","4":"has-post-thumbnail","6":"product_cat-egyedit-technologia","7":"product_cat-egyedit-tema","8":"product_cat-egyedit-termek","9":"product_cat-himzes-egyedit-technologia","10":"product_cat-himzes","11":"product_cat-polo","12":"product_cat-polok","13":"product_cat-polok-vonalrajzos-termekek","14":"product_cat-szeretteinknek","15":"product_cat-vonalrajzos-termekek","16":"pa_noi-meret-l","17":"pa_noi-meret-m","18":"pa_noi-meret-s","19":"pa_noi-meret-xl","20":"pa_noi-meret-xxl","21":"pa_noi-szin-feher","22":"pa_noi-szin-fekete","23":"pa_noi-szin-vilagos-szurke","24":"sales-flash-overlay","25":"woocommerce-text-align-center","26":"woocommerce-image-align-center","27":"do-quantity-buttons","28":"wc-has-gallery","30":"first","31":"instock","32":"taxable","33":"shipping-taxable","34":"purchasable","35":"product-type-simple"},"acf":[],"yoast_head":"<!-- This site is optimized with the Yoast SEO Premium plugin v23.7 (Yoast SEO v27.4) - https:\/\/yoast.com\/product\/yoast-seo-premium-wordpress\/ -->\n<title>Vonalrajzos p\u00f3l\u00f3 (n\u0151i) - Egyedit<\/title>\n<meta name=\"robots\" content=\"noindex, follow, max-snippet:-1, max-image-preview:large, max-video-preview:-1\" \/>\n<meta property=\"og:locale\" content=\"hu_HU\" \/>\n<meta property=\"og:type\" content=\"article\" \/>\n<meta property=\"og:title\" content=\"Vonalrajzos p\u00f3l\u00f3 (n\u0151i) - Egyedit\" \/>\n<meta property=\"og:description\" content=\"Bemutatjuk \u00faj vonalrajzos h\u00edmzett term\u00e9k\u00fcnket, amely egyedi k\u00e9p alapj\u00e1n k\u00e9sz\u00fcl. Ezen term\u00e9k egy igazi m\u0171v\u00e9szi alkot\u00e1snak sz\u00e1m\u00edt, \u00e9s a legjobb min\u0151s\u00e9g\u0171 anyagok felhaszn\u00e1l\u00e1s\u00e1val k\u00e9sz\u00fcl.  A vonalrajzos h\u00edmzett term\u00e9k egy olyan k\u00fcl\u00f6nleges technika eredm\u00e9nye, amely sor\u00e1n a k\u00e9pek szinte var\u00e1zslatosan jelennek meg a text\u00edli\u00e1n. Ez a term\u00e9k t\u00f6k\u00e9letes aj\u00e1nd\u00e9k lehet b\u00e1rmilyen alkalomra, hiszen egyedi jellege miatt garant\u00e1ltan eml\u00e9kezetes lesz.   Ha szeretn\u00e9l valami igaz\u00e1n k\u00fcl\u00f6nlegeset adni aj\u00e1nd\u00e9kba, akkor ez a vonalrajzos h\u00edmzett term\u00e9k a t\u00f6k\u00e9letes v\u00e1laszt\u00e1s!\u00a0 A m\u0171v\u00e9szi h\u00edmz\u00e9ssel k\u00e9sz\u00fclt k\u00e9pek \u00e9s mint\u00e1k garant\u00e1ltan leny\u0171g\u00f6zik majd a megaj\u00e1nd\u00e9kozottat!  Az \u00e1r egy darab term\u00e9kre vonatkozik!\" \/>\n<meta property=\"og:url\" content=\"https:\/\/tradevancehub.hu\/egyedit\/termekek\/vonalrajzos-polo-noi\/\" \/>\n<meta property=\"og:site_name\" content=\"Egyedit\" \/>\n<meta property=\"article:modified_time\" content=\"2024-09-30T09:58:04+00:00\" \/>\n<meta name=\"twitter:card\" content=\"summary_large_image\" \/>\n<meta name=\"twitter:label1\" content=\"Becs\u00fclt olvas\u00e1si id\u0151\" \/>\n\t<meta name=\"twitter:data1\" content=\"2 perc\" \/>\n<script type=\"application\/ld+json\" class=\"yoast-schema-graph\">{\"@context\":\"https:\\\/\\\/schema.org\",\"@graph\":[{\"@type\":\"WebPage\",\"@id\":\"https:\\\/\\\/tradevancehub.hu\\\/egyedit\\\/termekek\\\/vonalrajzos-polo-noi\\\/\",\"url\":\"https:\\\/\\\/tradevancehub.hu\\\/egyedit\\\/termekek\\\/vonalrajzos-polo-noi\\\/\",\"name\":\"Vonalrajzos p\u00f3l\u00f3 (n\u0151i) - Egyedit\",\"isPartOf\":{\"@id\":\"https:\\\/\\\/tradevancehub.hu\\\/egyedit\\\/#website\"},\"primaryImageOfPage\":{\"@id\":\"https:\\\/\\\/tradevancehub.hu\\\/egyedit\\\/termekek\\\/vonalrajzos-polo-noi\\\/#primaryimage\"},\"image\":{\"@id\":\"https:\\\/\\\/tradevancehub.hu\\\/egyedit\\\/termekek\\\/vonalrajzos-polo-noi\\\/#primaryimage\"},\"thumbnailUrl\":\"https:\\\/\\\/tradevancehub.hu\\\/egyedit\\\/wp-content\\\/uploads\\\/2023\\\/10\\\/polo.jpg\",\"datePublished\":\"2023-10-10T08:15:19+00:00\",\"dateModified\":\"2024-09-30T09:58:04+00:00\",\"breadcrumb\":{\"@id\":\"https:\\\/\\\/tradevancehub.hu\\\/egyedit\\\/termekek\\\/vonalrajzos-polo-noi\\\/#breadcrumb\"},\"inLanguage\":\"hu\",\"potentialAction\":[{\"@type\":\"ReadAction\",\"target\":[\"https:\\\/\\\/tradevancehub.hu\\\/egyedit\\\/termekek\\\/vonalrajzos-polo-noi\\\/\"]}]},{\"@type\":\"ImageObject\",\"inLanguage\":\"hu\",\"@id\":\"https:\\\/\\\/tradevancehub.hu\\\/egyedit\\\/termekek\\\/vonalrajzos-polo-noi\\\/#primaryimage\",\"url\":\"https:\\\/\\\/tradevancehub.hu\\\/egyedit\\\/wp-content\\\/uploads\\\/2023\\\/10\\\/polo.jpg\",\"contentUrl\":\"https:\\\/\\\/tradevancehub.hu\\\/egyedit\\\/wp-content\\\/uploads\\\/2023\\\/10\\\/polo.jpg\"},{\"@type\":\"BreadcrumbList\",\"@id\":\"https:\\\/\\\/tradevancehub.hu\\\/egyedit\\\/termekek\\\/vonalrajzos-polo-noi\\\/#breadcrumb\",\"itemListElement\":[{\"@type\":\"ListItem\",\"position\":1,\"name\":\"Shop\",\"item\":\"https:\\\/\\\/tradevancehub.hu\\\/egyedit\\\/shop\\\/\"},{\"@type\":\"ListItem\",\"position\":2,\"name\":\"Vonalrajzos p\u00f3l\u00f3 (n\u0151i)\"}]},{\"@type\":\"WebSite\",\"@id\":\"https:\\\/\\\/tradevancehub.hu\\\/egyedit\\\/#website\",\"url\":\"https:\\\/\\\/tradevancehub.hu\\\/egyedit\\\/\",\"name\":\"Egyedit\",\"description\":\"\",\"publisher\":{\"@id\":\"https:\\\/\\\/tradevancehub.hu\\\/egyedit\\\/#organization\"},\"potentialAction\":[{\"@type\":\"SearchAction\",\"target\":{\"@type\":\"EntryPoint\",\"urlTemplate\":\"https:\\\/\\\/tradevancehub.hu\\\/egyedit\\\/?s={search_term_string}\"},\"query-input\":{\"@type\":\"PropertyValueSpecification\",\"valueRequired\":true,\"valueName\":\"search_term_string\"}}],\"inLanguage\":\"hu\"},{\"@type\":\"Organization\",\"@id\":\"https:\\\/\\\/tradevancehub.hu\\\/egyedit\\\/#organization\",\"name\":\"Egyedit\",\"url\":\"https:\\\/\\\/tradevancehub.hu\\\/egyedit\\\/\",\"logo\":{\"@type\":\"ImageObject\",\"inLanguage\":\"hu\",\"@id\":\"https:\\\/\\\/tradevancehub.hu\\\/egyedit\\\/#\\\/schema\\\/logo\\\/image\\\/\",\"url\":\"https:\\\/\\\/tradevancehub.hu\\\/egyedit\\\/wp-content\\\/uploads\\\/sites\\\/8\\\/2024\\\/03\\\/Group-1.png\",\"contentUrl\":\"https:\\\/\\\/tradevancehub.hu\\\/egyedit\\\/wp-content\\\/uploads\\\/sites\\\/8\\\/2024\\\/03\\\/Group-1.png\",\"width\":313,\"height\":89,\"caption\":\"Egyedit\"},\"image\":{\"@id\":\"https:\\\/\\\/tradevancehub.hu\\\/egyedit\\\/#\\\/schema\\\/logo\\\/image\\\/\"}}]}<\/script>\n<!-- \/ Yoast SEO Premium plugin. -->","yoast_head_json":{"title":"Vonalrajzos p\u00f3l\u00f3 (n\u0151i) - Egyedit","robots":{"index":"noindex","follow":"follow","max-snippet":"max-snippet:-1","max-image-preview":"max-image-preview:large","max-video-preview":"max-video-preview:-1"},"og_locale":"hu_HU","og_type":"article","og_title":"Vonalrajzos p\u00f3l\u00f3 (n\u0151i) - Egyedit","og_description":"Bemutatjuk \u00faj vonalrajzos h\u00edmzett term\u00e9k\u00fcnket, amely egyedi k\u00e9p alapj\u00e1n k\u00e9sz\u00fcl. Ezen term\u00e9k egy igazi m\u0171v\u00e9szi alkot\u00e1snak sz\u00e1m\u00edt, \u00e9s a legjobb min\u0151s\u00e9g\u0171 anyagok felhaszn\u00e1l\u00e1s\u00e1val k\u00e9sz\u00fcl.  A vonalrajzos h\u00edmzett term\u00e9k egy olyan k\u00fcl\u00f6nleges technika eredm\u00e9nye, amely sor\u00e1n a k\u00e9pek szinte var\u00e1zslatosan jelennek meg a text\u00edli\u00e1n. Ez a term\u00e9k t\u00f6k\u00e9letes aj\u00e1nd\u00e9k lehet b\u00e1rmilyen alkalomra, hiszen egyedi jellege miatt garant\u00e1ltan eml\u00e9kezetes lesz.   Ha szeretn\u00e9l valami igaz\u00e1n k\u00fcl\u00f6nlegeset adni aj\u00e1nd\u00e9kba, akkor ez a vonalrajzos h\u00edmzett term\u00e9k a t\u00f6k\u00e9letes v\u00e1laszt\u00e1s!\u00a0 A m\u0171v\u00e9szi h\u00edmz\u00e9ssel k\u00e9sz\u00fclt k\u00e9pek \u00e9s mint\u00e1k garant\u00e1ltan leny\u0171g\u00f6zik majd a megaj\u00e1nd\u00e9kozottat!  Az \u00e1r egy darab term\u00e9kre vonatkozik!","og_url":"https:\/\/tradevancehub.hu\/egyedit\/termekek\/vonalrajzos-polo-noi\/","og_site_name":"Egyedit","article_modified_time":"2024-09-30T09:58:04+00:00","twitter_card":"summary_large_image","twitter_misc":{"Becs\u00fclt olvas\u00e1si id\u0151":"2 perc"},"schema":{"@context":"https:\/\/schema.org","@graph":[{"@type":"WebPage","@id":"https:\/\/tradevancehub.hu\/egyedit\/termekek\/vonalrajzos-polo-noi\/","url":"https:\/\/tradevancehub.hu\/egyedit\/termekek\/vonalrajzos-polo-noi\/","name":"Vonalrajzos p\u00f3l\u00f3 (n\u0151i) - Egyedit","isPartOf":{"@id":"https:\/\/tradevancehub.hu\/egyedit\/#website"},"primaryImageOfPage":{"@id":"https:\/\/tradevancehub.hu\/egyedit\/termekek\/vonalrajzos-polo-noi\/#primaryimage"},"image":{"@id":"https:\/\/tradevancehub.hu\/egyedit\/termekek\/vonalrajzos-polo-noi\/#primaryimage"},"thumbnailUrl":"https:\/\/tradevancehub.hu\/egyedit\/wp-content\/uploads\/2023\/10\/polo.jpg","datePublished":"2023-10-10T08:15:19+00:00","dateModified":"2024-09-30T09:58:04+00:00","breadcrumb":{"@id":"https:\/\/tradevancehub.hu\/egyedit\/termekek\/vonalrajzos-polo-noi\/#breadcrumb"},"inLanguage":"hu","potentialAction":[{"@type":"ReadAction","target":["https:\/\/tradevancehub.hu\/egyedit\/termekek\/vonalrajzos-polo-noi\/"]}]},{"@type":"ImageObject","inLanguage":"hu","@id":"https:\/\/tradevancehub.hu\/egyedit\/termekek\/vonalrajzos-polo-noi\/#primaryimage","url":"https:\/\/tradevancehub.hu\/egyedit\/wp-content\/uploads\/2023\/10\/polo.jpg","contentUrl":"https:\/\/tradevancehub.hu\/egyedit\/wp-content\/uploads\/2023\/10\/polo.jpg"},{"@type":"BreadcrumbList","@id":"https:\/\/tradevancehub.hu\/egyedit\/termekek\/vonalrajzos-polo-noi\/#breadcrumb","itemListElement":[{"@type":"ListItem","position":1,"name":"Shop","item":"https:\/\/tradevancehub.hu\/egyedit\/shop\/"},{"@type":"ListItem","position":2,"name":"Vonalrajzos p\u00f3l\u00f3 (n\u0151i)"}]},{"@type":"WebSite","@id":"https:\/\/tradevancehub.hu\/egyedit\/#website","url":"https:\/\/tradevancehub.hu\/egyedit\/","name":"Egyedit","description":"","publisher":{"@id":"https:\/\/tradevancehub.hu\/egyedit\/#organization"},"potentialAction":[{"@type":"SearchAction","target":{"@type":"EntryPoint","urlTemplate":"https:\/\/tradevancehub.hu\/egyedit\/?s={search_term_string}"},"query-input":{"@type":"PropertyValueSpecification","valueRequired":true,"valueName":"search_term_string"}}],"inLanguage":"hu"},{"@type":"Organization","@id":"https:\/\/tradevancehub.hu\/egyedit\/#organization","name":"Egyedit","url":"https:\/\/tradevancehub.hu\/egyedit\/","logo":{"@type":"ImageObject","inLanguage":"hu","@id":"https:\/\/tradevancehub.hu\/egyedit\/#\/schema\/logo\/image\/","url":"https:\/\/tradevancehub.hu\/egyedit\/wp-content\/uploads\/sites\/8\/2024\/03\/Group-1.png","contentUrl":"https:\/\/tradevancehub.hu\/egyedit\/wp-content\/uploads\/sites\/8\/2024\/03\/Group-1.png","width":313,"height":89,"caption":"Egyedit"},"image":{"@id":"https:\/\/tradevancehub.hu\/egyedit\/#\/schema\/logo\/image\/"}}]}},"uagb_featured_image_src":{"full":["https:\/\/tradevancehub.hu\/egyedit\/wp-content\/uploads\/2023\/10\/polo.jpg",1284,1247,false],"thumbnail":["https:\/\/tradevancehub.hu\/egyedit\/wp-content\/uploads\/2023\/10\/polo-150x150.jpg",150,150,true],"medium":["https:\/\/tradevancehub.hu\/egyedit\/wp-content\/uploads\/2023\/10\/polo-300x291.jpg",300,291,true],"medium_large":["https:\/\/tradevancehub.hu\/egyedit\/wp-content\/uploads\/2023\/10\/polo-768x746.jpg",768,746,true],"large":["https:\/\/tradevancehub.hu\/egyedit\/wp-content\/uploads\/2023\/10\/polo-1024x994.jpg",1024,994,true],"1536x1536":["https:\/\/tradevancehub.hu\/egyedit\/wp-content\/uploads\/2023\/10\/polo.jpg",1284,1247,false],"2048x2048":["https:\/\/tradevancehub.hu\/egyedit\/wp-content\/uploads\/2023\/10\/polo.jpg",1284,1247,false],"woocommerce_thumbnail":["https:\/\/tradevancehub.hu\/egyedit\/wp-content\/uploads\/2023\/10\/polo-300x300.jpg",300,300,true],"woocommerce_single":["https:\/\/tradevancehub.hu\/egyedit\/wp-content\/uploads\/2023\/10\/polo-600x583.jpg",600,583,true],"woocommerce_gallery_thumbnail":["https:\/\/tradevancehub.hu\/egyedit\/wp-content\/uploads\/2023\/10\/polo-100x100.jpg",100,100,true]},"uagb_author_info":{"display_name":"","author_link":"https:\/\/tradevancehub.hu\/egyedit\/author\/"},"uagb_comment_info":0,"uagb_excerpt":"Bemutatjuk \u00faj vonalrajzos h\u00edmzett term\u00e9k\u00fcnket, amely egyedi k\u00e9p alapj\u00e1n k\u00e9sz\u00fcl. Ezen term\u00e9k egy igazi m\u0171v\u00e9szi alkot\u00e1snak sz\u00e1m\u00edt, \u00e9s a legjobb min\u0151s\u00e9g\u0171 anyagok felhaszn\u00e1l\u00e1s\u00e1val k\u00e9sz\u00fcl. A vonalrajzos h\u00edmzett term\u00e9k egy olyan k\u00fcl\u00f6nleges technika eredm\u00e9nye, amely sor\u00e1n a k\u00e9pek szinte var\u00e1zslatosan jelennek meg a text\u00edli\u00e1n. Ez a term\u00e9k t\u00f6k\u00e9letes aj\u00e1nd\u00e9k lehet b\u00e1rmilyen alkalomra, hiszen egyedi jellege miatt&hellip;","_links":{"self":[{"href":"https:\/\/tradevancehub.hu\/egyedit\/wp-json\/wp\/v2\/product\/1053","targetHints":{"allow":["GET"]}}],"collection":[{"href":"https:\/\/tradevancehub.hu\/egyedit\/wp-json\/wp\/v2\/product"}],"about":[{"href":"https:\/\/tradevancehub.hu\/egyedit\/wp-json\/wp\/v2\/types\/product"}],"replies":[{"embeddable":true,"href":"https:\/\/tradevancehub.hu\/egyedit\/wp-json\/wp\/v2\/comments?post=1053"}],"wp:featuredmedia":[{"embeddable":true,"href":"https:\/\/tradevancehub.hu\/egyedit\/wp-json\/"}],"wp:attachment":[{"href":"https:\/\/tradevancehub.hu\/egyedit\/wp-json\/wp\/v2\/media?parent=1053"}],"wp:term":[{"taxonomy":"product_brand","embeddable":true,"href":"https:\/\/tradevancehub.hu\/egyedit\/wp-json\/wp\/v2\/product_brand?post=1053"},{"taxonomy":"product_cat","embeddable":true,"href":"https:\/\/tradevancehub.hu\/egyedit\/wp-json\/wp\/v2\/product_cat?post=1053"},{"taxonomy":"product_tag","embeddable":true,"href":"https:\/\/tradevancehub.hu\/egyedit\/wp-json\/wp\/v2\/product_tag?post=1053"}],"curies":[{"name":"wp","href":"https:\/\/api.w.org\/{rel}","templated":true}]}}