{"id":9,"date":"2021-04-30T16:11:32","date_gmt":"2021-04-30T16:11:32","guid":{"rendered":"https:\/\/egyedit.hu\/about\/"},"modified":"2024-02-12T10:42:54","modified_gmt":"2024-02-12T10:42:54","slug":"about","status":"publish","type":"page","link":"https:\/\/tradevancehub.hu\/egyedit\/about\/","title":{"rendered":"R\u00f3lunk"},"content":{"rendered":"<h1>Kik vagyunk?<\/h1>\n<h5>Az egyedis\u00e9g kiv\u00e1lts\u00e1g. ami mindeki sz\u00e1m\u00e1ra el\u00e9rhet\u0151.<\/h5>\n<h3>T\u00f6bb \u00e9ve ismerhettek minket gepet.hu-k\u00e9nt&#8230;<\/h3>\n<p>Az egyedit.hu weboldalunkat az\u00e9rt \u00ednd\u00edtottuk el, hogy egy helyen meg lehessen tal\u00e1lni Magyarorsz\u00e1g legjobb egyedi gy\u00e1rt\u00f3inak munk\u00e1it, legyen az szublim\u00e1ci\u00f3, f\u00f3liav\u00e1g\u00e1s, DTF, h\u00edmz\u00e9s stb.<\/p>\n<h2>Egyedit.hu ak\u00e1r viszontelad\u00f3k sz\u00e1m\u00e1ra is!<\/h2>\n<h3>Gy\u00e1rt\u00f3k\u00e9nt csatlakozhatsz csapatunkhoz!<\/h3>\n<p>Ahhoz, hogy csatlakozni lehessen hozz\u00e1nk, mind\u00f6sszesen egy CSV f\u00e1jlra van sz\u00fcks\u00e9g a megl\u00e9v\u0151 term\u00e9keidr\u0151l \u00e9s az egyedit.hu-n p\u00e1r napon bel\u00fcl lerendelhet\u0151ek lesznek \u00e9s a rendszer\u00fcnk\u00f6n kereszt\u00fcl \u00faj megrendel\u00e9seket biztos\u00edtunk.<\/p>\n<p>\t\t\t\t\t\t\t\t\t\t\t\t\t\t<a href=\"#\"><br \/>\n\t\t\t\t\t\t\t<img loading=\"lazy\" decoding=\"async\" width=\"480\" height=\"480\" src=\"https:\/\/egyedit.hu\/wp-content\/uploads\/sites\/8\/2022\/08\/image-asset_img_5eb09bc766430-1.jpg\" alt=\"\" srcset=\"https:\/\/egyedit.hu\/wp-content\/uploads\/sites\/8\/2022\/08\/image-asset_img_5eb09bc766430-1.jpg 480w, https:\/\/egyedit.hu\/wp-content\/uploads\/sites\/8\/2022\/08\/image-asset_img_5eb09bc766430-1-300x300.jpg 300w, https:\/\/egyedit.hu\/wp-content\/uploads\/sites\/8\/2022\/08\/image-asset_img_5eb09bc766430-1-150x150.jpg 150w, https:\/\/egyedit.hu\/wp-content\/uploads\/sites\/8\/2022\/08\/image-asset_img_5eb09bc766430-1-100x100.jpg 100w\" sizes=\"auto, (max-width: 480px) 100vw, 480px\" \/>\t\t\t\t\t\t\t\t<\/a><\/p>\n<h4>Follow us on<\/h4>\n<p>\t\t\t\t\t\t\t\t\t\t\t\t\t<img loading=\"lazy\" decoding=\"async\" width=\"245\" height=\"69\" src=\"https:\/\/egyedit.hu\/wp-content\/uploads\/sites\/8\/2021\/05\/insta-logo-img.png\" alt=\"\" \/><br \/>\n\t\t\t\t\t\t\t\t\t\t\t\t\t\t<a href=\"#\"><br \/>\n\t\t\t\t\t\t\t<img loading=\"lazy\" decoding=\"async\" width=\"1024\" height=\"1024\" src=\"https:\/\/egyedit.hu\/wp-content\/uploads\/sites\/8\/2022\/08\/Birthflower_Necklace_All_Colours_Mockup.jpg\" alt=\"\" srcset=\"https:\/\/egyedit.hu\/wp-content\/uploads\/sites\/8\/2022\/08\/Birthflower_Necklace_All_Colours_Mockup.jpg 1024w, https:\/\/egyedit.hu\/wp-content\/uploads\/sites\/8\/2022\/08\/Birthflower_Necklace_All_Colours_Mockup-300x300.jpg 300w, https:\/\/egyedit.hu\/wp-content\/uploads\/sites\/8\/2022\/08\/Birthflower_Necklace_All_Colours_Mockup-150x150.jpg 150w, https:\/\/egyedit.hu\/wp-content\/uploads\/sites\/8\/2022\/08\/Birthflower_Necklace_All_Colours_Mockup-768x768.jpg 768w, https:\/\/egyedit.hu\/wp-content\/uploads\/sites\/8\/2022\/08\/Birthflower_Necklace_All_Colours_Mockup-600x600.jpg 600w, https:\/\/egyedit.hu\/wp-content\/uploads\/sites\/8\/2022\/08\/Birthflower_Necklace_All_Colours_Mockup-100x100.jpg 100w\" sizes=\"auto, (max-width: 1024px) 100vw, 1024px\" \/>\t\t\t\t\t\t\t\t<\/a><br \/>\n\t\t\t\t\t\t\t\t\t\t\t\t\t\t<a href=\"#\"><br \/>\n\t\t\t\t\t\t\t<img loading=\"lazy\" decoding=\"async\" width=\"1024\" height=\"1024\" src=\"https:\/\/egyedit.hu\/wp-content\/uploads\/sites\/8\/2022\/08\/Om-namah-shivaay-printed-tshirt.jpg\" alt=\"\" srcset=\"https:\/\/egyedit.hu\/wp-content\/uploads\/sites\/8\/2022\/08\/Om-namah-shivaay-printed-tshirt.jpg 1024w, https:\/\/egyedit.hu\/wp-content\/uploads\/sites\/8\/2022\/08\/Om-namah-shivaay-printed-tshirt-300x300.jpg 300w, https:\/\/egyedit.hu\/wp-content\/uploads\/sites\/8\/2022\/08\/Om-namah-shivaay-printed-tshirt-150x150.jpg 150w, https:\/\/egyedit.hu\/wp-content\/uploads\/sites\/8\/2022\/08\/Om-namah-shivaay-printed-tshirt-768x768.jpg 768w, https:\/\/egyedit.hu\/wp-content\/uploads\/sites\/8\/2022\/08\/Om-namah-shivaay-printed-tshirt-600x600.jpg 600w, https:\/\/egyedit.hu\/wp-content\/uploads\/sites\/8\/2022\/08\/Om-namah-shivaay-printed-tshirt-100x100.jpg 100w\" sizes=\"auto, (max-width: 1024px) 100vw, 1024px\" \/>\t\t\t\t\t\t\t\t<\/a><br \/>\n\t\t\t\t\t\t\t\t\t\t\t\t\t\t<a href=\"#\"><br \/>\n\t\t\t\t\t\t\t<img loading=\"lazy\" decoding=\"async\" width=\"667\" height=\"667\" src=\"https:\/\/egyedit.hu\/wp-content\/uploads\/sites\/8\/2022\/08\/Engraving-4.png\" alt=\"\" srcset=\"https:\/\/egyedit.hu\/wp-content\/uploads\/sites\/8\/2022\/08\/Engraving-4.png 667w, https:\/\/egyedit.hu\/wp-content\/uploads\/sites\/8\/2022\/08\/Engraving-4-300x300.png 300w, https:\/\/egyedit.hu\/wp-content\/uploads\/sites\/8\/2022\/08\/Engraving-4-150x150.png 150w, https:\/\/egyedit.hu\/wp-content\/uploads\/sites\/8\/2022\/08\/Engraving-4-600x600.png 600w, https:\/\/egyedit.hu\/wp-content\/uploads\/sites\/8\/2022\/08\/Engraving-4-100x100.png 100w\" sizes=\"auto, (max-width: 667px) 100vw, 667px\" \/>\t\t\t\t\t\t\t\t<\/a><\/p>\n","protected":false},"excerpt":{"rendered":"<p>Kik vagyunk? Az egyedis\u00e9g kiv\u00e1lts\u00e1g. ami mindeki sz\u00e1m\u00e1ra el\u00e9rhet\u0151. T\u00f6bb \u00e9ve ismerhettek minket gepet.hu-k\u00e9nt&#8230; Az egyedit.hu weboldalunkat az\u00e9rt \u00ednd\u00edtottuk el, hogy egy helyen meg lehessen tal\u00e1lni Magyarorsz\u00e1g legjobb egyedi gy\u00e1rt\u00f3inak munk\u00e1it, legyen az szublim\u00e1ci\u00f3, f\u00f3liav\u00e1g\u00e1s, DTF, h\u00edmz\u00e9s stb. Egyedit.hu ak\u00e1r viszontelad\u00f3k sz\u00e1m\u00e1ra is! Gy\u00e1rt\u00f3k\u00e9nt csatlakozhatsz csapatunkhoz! Ahhoz, hogy csatlakozni lehessen hozz\u00e1nk, mind\u00f6sszesen egy CSV f\u00e1jlra &#8230; <a title=\"R\u00f3lunk\" class=\"read-more\" href=\"https:\/\/tradevancehub.hu\/egyedit\/about\/\" aria-label=\"Read more about R\u00f3lunk\">Olvass tov\u00e1bb<\/a><\/p>\n","protected":false},"author":2,"featured_media":0,"parent":0,"menu_order":0,"comment_status":"closed","ping_status":"closed","template":"","meta":{"_acf_changed":false,"_uag_custom_page_level_css":"","footnotes":""},"class_list":["post-9","page","type-page","status-publish"],"acf":[],"yoast_head":"<!-- This site is optimized with the Yoast SEO Premium plugin v23.7 (Yoast SEO v27.4) - https:\/\/yoast.com\/product\/yoast-seo-premium-wordpress\/ -->\n<title>R\u00f3lunk - Egyedit<\/title>\n<meta name=\"robots\" content=\"noindex, follow, max-snippet:-1, max-image-preview:large, max-video-preview:-1\" \/>\n<meta property=\"og:locale\" content=\"hu_HU\" \/>\n<meta property=\"og:type\" content=\"article\" \/>\n<meta property=\"og:title\" content=\"R\u00f3lunk - Egyedit\" \/>\n<meta property=\"og:description\" content=\"Kik vagyunk? Az egyedis\u00e9g kiv\u00e1lts\u00e1g. ami mindeki sz\u00e1m\u00e1ra el\u00e9rhet\u0151. T\u00f6bb \u00e9ve ismerhettek minket gepet.hu-k\u00e9nt&#8230; Az egyedit.hu weboldalunkat az\u00e9rt \u00ednd\u00edtottuk el, hogy egy helyen meg lehessen tal\u00e1lni Magyarorsz\u00e1g legjobb egyedi gy\u00e1rt\u00f3inak munk\u00e1it, legyen az szublim\u00e1ci\u00f3, f\u00f3liav\u00e1g\u00e1s, DTF, h\u00edmz\u00e9s stb. Egyedit.hu ak\u00e1r viszontelad\u00f3k sz\u00e1m\u00e1ra is! Gy\u00e1rt\u00f3k\u00e9nt csatlakozhatsz csapatunkhoz! Ahhoz, hogy csatlakozni lehessen hozz\u00e1nk, mind\u00f6sszesen egy CSV f\u00e1jlra ... Olvass tov\u00e1bb\" \/>\n<meta property=\"og:url\" content=\"https:\/\/tradevancehub.hu\/egyedit\/about\/\" \/>\n<meta property=\"og:site_name\" content=\"Egyedit\" \/>\n<meta property=\"article:modified_time\" content=\"2024-02-12T10:42:54+00:00\" \/>\n<meta property=\"og:image\" content=\"https:\/\/egyedit.hu\/wp-content\/uploads\/sites\/8\/2022\/08\/image-asset_img_5eb09bc766430-1.jpg\" \/>\n<meta name=\"twitter:card\" content=\"summary_large_image\" \/>\n<meta name=\"twitter:label1\" content=\"Becs\u00fclt olvas\u00e1si id\u0151\" \/>\n\t<meta name=\"twitter:data1\" content=\"2 perc\" \/>\n<script type=\"application\/ld+json\" class=\"yoast-schema-graph\">{\"@context\":\"https:\\\/\\\/schema.org\",\"@graph\":[{\"@type\":\"WebPage\",\"@id\":\"https:\\\/\\\/tradevancehub.hu\\\/egyedit\\\/about\\\/\",\"url\":\"https:\\\/\\\/tradevancehub.hu\\\/egyedit\\\/about\\\/\",\"name\":\"R\u00f3lunk - Egyedit\",\"isPartOf\":{\"@id\":\"https:\\\/\\\/tradevancehub.hu\\\/egyedit\\\/#website\"},\"primaryImageOfPage\":{\"@id\":\"https:\\\/\\\/tradevancehub.hu\\\/egyedit\\\/about\\\/#primaryimage\"},\"image\":{\"@id\":\"https:\\\/\\\/tradevancehub.hu\\\/egyedit\\\/about\\\/#primaryimage\"},\"thumbnailUrl\":\"https:\\\/\\\/egyedit.hu\\\/wp-content\\\/uploads\\\/sites\\\/8\\\/2022\\\/08\\\/image-asset_img_5eb09bc766430-1.jpg\",\"datePublished\":\"2021-04-30T16:11:32+00:00\",\"dateModified\":\"2024-02-12T10:42:54+00:00\",\"inLanguage\":\"hu\",\"potentialAction\":[{\"@type\":\"ReadAction\",\"target\":[\"https:\\\/\\\/tradevancehub.hu\\\/egyedit\\\/about\\\/\"]}]},{\"@type\":\"ImageObject\",\"inLanguage\":\"hu\",\"@id\":\"https:\\\/\\\/tradevancehub.hu\\\/egyedit\\\/about\\\/#primaryimage\",\"url\":\"https:\\\/\\\/egyedit.hu\\\/wp-content\\\/uploads\\\/sites\\\/8\\\/2022\\\/08\\\/image-asset_img_5eb09bc766430-1.jpg\",\"contentUrl\":\"https:\\\/\\\/egyedit.hu\\\/wp-content\\\/uploads\\\/sites\\\/8\\\/2022\\\/08\\\/image-asset_img_5eb09bc766430-1.jpg\"},{\"@type\":\"WebSite\",\"@id\":\"https:\\\/\\\/tradevancehub.hu\\\/egyedit\\\/#website\",\"url\":\"https:\\\/\\\/tradevancehub.hu\\\/egyedit\\\/\",\"name\":\"Egyedit\",\"description\":\"\",\"publisher\":{\"@id\":\"https:\\\/\\\/tradevancehub.hu\\\/egyedit\\\/#organization\"},\"potentialAction\":[{\"@type\":\"SearchAction\",\"target\":{\"@type\":\"EntryPoint\",\"urlTemplate\":\"https:\\\/\\\/tradevancehub.hu\\\/egyedit\\\/?s={search_term_string}\"},\"query-input\":{\"@type\":\"PropertyValueSpecification\",\"valueRequired\":true,\"valueName\":\"search_term_string\"}}],\"inLanguage\":\"hu\"},{\"@type\":\"Organization\",\"@id\":\"https:\\\/\\\/tradevancehub.hu\\\/egyedit\\\/#organization\",\"name\":\"Egyedit\",\"url\":\"https:\\\/\\\/tradevancehub.hu\\\/egyedit\\\/\",\"logo\":{\"@type\":\"ImageObject\",\"inLanguage\":\"hu\",\"@id\":\"https:\\\/\\\/tradevancehub.hu\\\/egyedit\\\/#\\\/schema\\\/logo\\\/image\\\/\",\"url\":\"https:\\\/\\\/tradevancehub.hu\\\/egyedit\\\/wp-content\\\/uploads\\\/sites\\\/8\\\/2024\\\/03\\\/Group-1.png\",\"contentUrl\":\"https:\\\/\\\/tradevancehub.hu\\\/egyedit\\\/wp-content\\\/uploads\\\/sites\\\/8\\\/2024\\\/03\\\/Group-1.png\",\"width\":313,\"height\":89,\"caption\":\"Egyedit\"},\"image\":{\"@id\":\"https:\\\/\\\/tradevancehub.hu\\\/egyedit\\\/#\\\/schema\\\/logo\\\/image\\\/\"}}]}<\/script>\n<!-- \/ Yoast SEO Premium plugin. -->","yoast_head_json":{"title":"R\u00f3lunk - Egyedit","robots":{"index":"noindex","follow":"follow","max-snippet":"max-snippet:-1","max-image-preview":"max-image-preview:large","max-video-preview":"max-video-preview:-1"},"og_locale":"hu_HU","og_type":"article","og_title":"R\u00f3lunk - Egyedit","og_description":"Kik vagyunk? Az egyedis\u00e9g kiv\u00e1lts\u00e1g. ami mindeki sz\u00e1m\u00e1ra el\u00e9rhet\u0151. T\u00f6bb \u00e9ve ismerhettek minket gepet.hu-k\u00e9nt&#8230; Az egyedit.hu weboldalunkat az\u00e9rt \u00ednd\u00edtottuk el, hogy egy helyen meg lehessen tal\u00e1lni Magyarorsz\u00e1g legjobb egyedi gy\u00e1rt\u00f3inak munk\u00e1it, legyen az szublim\u00e1ci\u00f3, f\u00f3liav\u00e1g\u00e1s, DTF, h\u00edmz\u00e9s stb. Egyedit.hu ak\u00e1r viszontelad\u00f3k sz\u00e1m\u00e1ra is! Gy\u00e1rt\u00f3k\u00e9nt csatlakozhatsz csapatunkhoz! Ahhoz, hogy csatlakozni lehessen hozz\u00e1nk, mind\u00f6sszesen egy CSV f\u00e1jlra ... Olvass tov\u00e1bb","og_url":"https:\/\/tradevancehub.hu\/egyedit\/about\/","og_site_name":"Egyedit","article_modified_time":"2024-02-12T10:42:54+00:00","og_image":[{"url":"https:\/\/egyedit.hu\/wp-content\/uploads\/sites\/8\/2022\/08\/image-asset_img_5eb09bc766430-1.jpg","type":"","width":"","height":""}],"twitter_card":"summary_large_image","twitter_misc":{"Becs\u00fclt olvas\u00e1si id\u0151":"2 perc"},"schema":{"@context":"https:\/\/schema.org","@graph":[{"@type":"WebPage","@id":"https:\/\/tradevancehub.hu\/egyedit\/about\/","url":"https:\/\/tradevancehub.hu\/egyedit\/about\/","name":"R\u00f3lunk - Egyedit","isPartOf":{"@id":"https:\/\/tradevancehub.hu\/egyedit\/#website"},"primaryImageOfPage":{"@id":"https:\/\/tradevancehub.hu\/egyedit\/about\/#primaryimage"},"image":{"@id":"https:\/\/tradevancehub.hu\/egyedit\/about\/#primaryimage"},"thumbnailUrl":"https:\/\/egyedit.hu\/wp-content\/uploads\/sites\/8\/2022\/08\/image-asset_img_5eb09bc766430-1.jpg","datePublished":"2021-04-30T16:11:32+00:00","dateModified":"2024-02-12T10:42:54+00:00","inLanguage":"hu","potentialAction":[{"@type":"ReadAction","target":["https:\/\/tradevancehub.hu\/egyedit\/about\/"]}]},{"@type":"ImageObject","inLanguage":"hu","@id":"https:\/\/tradevancehub.hu\/egyedit\/about\/#primaryimage","url":"https:\/\/egyedit.hu\/wp-content\/uploads\/sites\/8\/2022\/08\/image-asset_img_5eb09bc766430-1.jpg","contentUrl":"https:\/\/egyedit.hu\/wp-content\/uploads\/sites\/8\/2022\/08\/image-asset_img_5eb09bc766430-1.jpg"},{"@type":"WebSite","@id":"https:\/\/tradevancehub.hu\/egyedit\/#website","url":"https:\/\/tradevancehub.hu\/egyedit\/","name":"Egyedit","description":"","publisher":{"@id":"https:\/\/tradevancehub.hu\/egyedit\/#organization"},"potentialAction":[{"@type":"SearchAction","target":{"@type":"EntryPoint","urlTemplate":"https:\/\/tradevancehub.hu\/egyedit\/?s={search_term_string}"},"query-input":{"@type":"PropertyValueSpecification","valueRequired":true,"valueName":"search_term_string"}}],"inLanguage":"hu"},{"@type":"Organization","@id":"https:\/\/tradevancehub.hu\/egyedit\/#organization","name":"Egyedit","url":"https:\/\/tradevancehub.hu\/egyedit\/","logo":{"@type":"ImageObject","inLanguage":"hu","@id":"https:\/\/tradevancehub.hu\/egyedit\/#\/schema\/logo\/image\/","url":"https:\/\/tradevancehub.hu\/egyedit\/wp-content\/uploads\/sites\/8\/2024\/03\/Group-1.png","contentUrl":"https:\/\/tradevancehub.hu\/egyedit\/wp-content\/uploads\/sites\/8\/2024\/03\/Group-1.png","width":313,"height":89,"caption":"Egyedit"},"image":{"@id":"https:\/\/tradevancehub.hu\/egyedit\/#\/schema\/logo\/image\/"}}]}},"uagb_featured_image_src":{"full":false,"thumbnail":false,"medium":false,"medium_large":false,"large":false,"1536x1536":false,"2048x2048":false,"woocommerce_thumbnail":false,"woocommerce_single":false,"woocommerce_gallery_thumbnail":false},"uagb_author_info":{"display_name":"MonStar","author_link":"https:\/\/tradevancehub.hu\/egyedit\/author\/monstar\/"},"uagb_comment_info":0,"uagb_excerpt":"Kik vagyunk? Az egyedis\u00e9g kiv\u00e1lts\u00e1g. ami mindeki sz\u00e1m\u00e1ra el\u00e9rhet\u0151. T\u00f6bb \u00e9ve ismerhettek minket gepet.hu-k\u00e9nt&#8230; Az egyedit.hu weboldalunkat az\u00e9rt \u00ednd\u00edtottuk el, hogy egy helyen meg lehessen tal\u00e1lni Magyarorsz\u00e1g legjobb egyedi gy\u00e1rt\u00f3inak munk\u00e1it, legyen az szublim\u00e1ci\u00f3, f\u00f3liav\u00e1g\u00e1s, DTF, h\u00edmz\u00e9s stb. Egyedit.hu ak\u00e1r viszontelad\u00f3k sz\u00e1m\u00e1ra is! Gy\u00e1rt\u00f3k\u00e9nt csatlakozhatsz csapatunkhoz! Ahhoz, hogy csatlakozni lehessen hozz\u00e1nk, mind\u00f6sszesen egy CSV f\u00e1jlra&hellip;","_links":{"self":[{"href":"https:\/\/tradevancehub.hu\/egyedit\/wp-json\/wp\/v2\/pages\/9","targetHints":{"allow":["GET"]}}],"collection":[{"href":"https:\/\/tradevancehub.hu\/egyedit\/wp-json\/wp\/v2\/pages"}],"about":[{"href":"https:\/\/tradevancehub.hu\/egyedit\/wp-json\/wp\/v2\/types\/page"}],"author":[{"embeddable":true,"href":"https:\/\/tradevancehub.hu\/egyedit\/wp-json\/wp\/v2\/users\/2"}],"replies":[{"embeddable":true,"href":"https:\/\/tradevancehub.hu\/egyedit\/wp-json\/wp\/v2\/comments?post=9"}],"version-history":[{"count":0,"href":"https:\/\/tradevancehub.hu\/egyedit\/wp-json\/wp\/v2\/pages\/9\/revisions"}],"wp:attachment":[{"href":"https:\/\/tradevancehub.hu\/egyedit\/wp-json\/wp\/v2\/media?parent=9"}],"curies":[{"name":"wp","href":"https:\/\/api.w.org\/{rel}","templated":true}]}}