{"id":637,"date":"2021-04-30T16:12:49","date_gmt":"2021-04-30T16:12:49","guid":{"rendered":"https:\/\/egyedit.hu\/contact\/"},"modified":"2024-02-12T10:21:03","modified_gmt":"2024-02-12T10:21:03","slug":"contact","status":"publish","type":"page","link":"https:\/\/tradevancehub.hu\/egyedit\/contact\/","title":{"rendered":"Kapcsolat"},"content":{"rendered":"<h1>Kapcsolat<\/h1>\n<h6>C\u00edm<\/h6>\n<h3>\n\t\t\t\t\t\t2100 G\u00f6d\u00f6ll\u0151, Hunyadi J\u00e1nus utca 19.<br \/>\n\t\t\t\t<\/h3>\n<p>\t\t\t<a href=\"#\"><br \/>\n\t\t\t\t\t\tGoogle maps<br \/>\n\t\t\t\t\t<\/a><\/p>\n<h6>El\u00e9rhet\u0151s\u00e9gek<\/h6>\n<h3>\n\t\t\t\t\t\t+36-70-205-8921<br \/>\n\t\t\t\t<\/h3>\n<p><a href=\"#\">info@egyedit.hu<\/a><\/p>\n<h2>\u00cdrj \u00fczenetet!<\/h2>\n<form id=\"wpforms-form-632\" data-formid=\"632\" method=\"post\" enctype=\"multipart\/form-data\" action=\"\/wp-admin\/admin-ajax.php\" data-token=\"516f4de0bc55dabced8cd186ffa3c12a\"><noscript>Please enable JavaScript in your browser to complete this form.<\/noscript><label for=\"wpforms-632-field_0\">N\u00e9v *<\/label><input type=\"text\" id=\"wpforms-632-field_0\" name=\"wpforms[fields][0]\" required><label for=\"wpforms-632-field_1\">E-mail c\u00edm *<\/label><input type=\"email\" id=\"wpforms-632-field_1\" name=\"wpforms[fields][1]\" spellcheck=\"false\" required><label for=\"wpforms-632-field_2\">\u00dczenet *<\/label><textarea id=\"wpforms-632-field_2\" name=\"wpforms[fields][2]\" required><\/textarea><!-- .wpforms-field-container --><input type=\"hidden\" name=\"wpforms[id]\" value=\"632\">\t\t\t<input\n\t\t\t\ttype=\"hidden\"\n\t\t\t\tname=\"wpforms[nonce]\"\n\t\t\t\tvalue=\"71b9ff1d26\"\n\t\t\t\/><br \/>\n\t\t\t<input type=\"hidden\" name=\"wpforms[author]\" value=\"2\"><button type=\"submit\" name=\"wpforms[submit]\" id=\"wpforms-submit-632\" data-alt-text=\"Sending...\" data-submit-text=\"K\u00fcld\u00e9s\" aria-live=\"assertive\" value=\"wpforms-submit\">K\u00fcld\u00e9s<\/button><\/form>\n<p>  <!-- .wpforms-container --><\/p>\n","protected":false},"excerpt":{"rendered":"<p>Kapcsolat C\u00edm 2100 G\u00f6d\u00f6ll\u0151, Hunyadi J\u00e1nus utca 19. Google maps El\u00e9rhet\u0151s\u00e9gek +36-70-205-8921 info@egyedit.hu \u00cdrj \u00fczenetet! Please enable JavaScript in your browser to complete this form.N\u00e9v *E-mail c\u00edm *\u00dczenet * K\u00fcld\u00e9s<\/p>\n","protected":false},"author":2,"featured_media":0,"parent":0,"menu_order":0,"comment_status":"closed","ping_status":"closed","template":"","meta":{"_acf_changed":false,"_uag_custom_page_level_css":"","footnotes":""},"class_list":["post-637","page","type-page","status-publish"],"acf":[],"yoast_head":"<!-- This site is optimized with the Yoast SEO Premium plugin v23.7 (Yoast SEO v27.4) - https:\/\/yoast.com\/product\/yoast-seo-premium-wordpress\/ -->\n<title>Kapcsolat - Egyedit<\/title>\n<meta name=\"robots\" content=\"noindex, follow, max-snippet:-1, max-image-preview:large, max-video-preview:-1\" \/>\n<meta property=\"og:locale\" content=\"hu_HU\" \/>\n<meta property=\"og:type\" content=\"article\" \/>\n<meta property=\"og:title\" content=\"Kapcsolat - Egyedit\" \/>\n<meta property=\"og:description\" content=\"Kapcsolat C\u00edm 2100 G\u00f6d\u00f6ll\u0151, Hunyadi J\u00e1nus utca 19. Google maps El\u00e9rhet\u0151s\u00e9gek +36-70-205-8921 info@egyedit.hu \u00cdrj \u00fczenetet! Please enable JavaScript in your browser to complete this form.N\u00e9v *E-mail c\u00edm *\u00dczenet * K\u00fcld\u00e9s\" \/>\n<meta property=\"og:url\" content=\"https:\/\/tradevancehub.hu\/egyedit\/contact\/\" \/>\n<meta property=\"og:site_name\" content=\"Egyedit\" \/>\n<meta property=\"article:modified_time\" content=\"2024-02-12T10:21:03+00:00\" \/>\n<meta name=\"twitter:card\" content=\"summary_large_image\" \/>\n<meta name=\"twitter:label1\" content=\"Becs\u00fclt olvas\u00e1si id\u0151\" \/>\n\t<meta name=\"twitter:data1\" content=\"1 perc\" \/>\n<script type=\"application\/ld+json\" class=\"yoast-schema-graph\">{\"@context\":\"https:\\\/\\\/schema.org\",\"@graph\":[{\"@type\":\"WebPage\",\"@id\":\"https:\\\/\\\/tradevancehub.hu\\\/egyedit\\\/contact\\\/\",\"url\":\"https:\\\/\\\/tradevancehub.hu\\\/egyedit\\\/contact\\\/\",\"name\":\"Kapcsolat - Egyedit\",\"isPartOf\":{\"@id\":\"https:\\\/\\\/tradevancehub.hu\\\/egyedit\\\/#website\"},\"datePublished\":\"2021-04-30T16:12:49+00:00\",\"dateModified\":\"2024-02-12T10:21:03+00:00\",\"inLanguage\":\"hu\",\"potentialAction\":[{\"@type\":\"ReadAction\",\"target\":[\"https:\\\/\\\/tradevancehub.hu\\\/egyedit\\\/contact\\\/\"]}]},{\"@type\":\"WebSite\",\"@id\":\"https:\\\/\\\/tradevancehub.hu\\\/egyedit\\\/#website\",\"url\":\"https:\\\/\\\/tradevancehub.hu\\\/egyedit\\\/\",\"name\":\"Egyedit\",\"description\":\"\",\"publisher\":{\"@id\":\"https:\\\/\\\/tradevancehub.hu\\\/egyedit\\\/#organization\"},\"potentialAction\":[{\"@type\":\"SearchAction\",\"target\":{\"@type\":\"EntryPoint\",\"urlTemplate\":\"https:\\\/\\\/tradevancehub.hu\\\/egyedit\\\/?s={search_term_string}\"},\"query-input\":{\"@type\":\"PropertyValueSpecification\",\"valueRequired\":true,\"valueName\":\"search_term_string\"}}],\"inLanguage\":\"hu\"},{\"@type\":\"Organization\",\"@id\":\"https:\\\/\\\/tradevancehub.hu\\\/egyedit\\\/#organization\",\"name\":\"Egyedit\",\"url\":\"https:\\\/\\\/tradevancehub.hu\\\/egyedit\\\/\",\"logo\":{\"@type\":\"ImageObject\",\"inLanguage\":\"hu\",\"@id\":\"https:\\\/\\\/tradevancehub.hu\\\/egyedit\\\/#\\\/schema\\\/logo\\\/image\\\/\",\"url\":\"https:\\\/\\\/tradevancehub.hu\\\/egyedit\\\/wp-content\\\/uploads\\\/sites\\\/8\\\/2024\\\/03\\\/Group-1.png\",\"contentUrl\":\"https:\\\/\\\/tradevancehub.hu\\\/egyedit\\\/wp-content\\\/uploads\\\/sites\\\/8\\\/2024\\\/03\\\/Group-1.png\",\"width\":313,\"height\":89,\"caption\":\"Egyedit\"},\"image\":{\"@id\":\"https:\\\/\\\/tradevancehub.hu\\\/egyedit\\\/#\\\/schema\\\/logo\\\/image\\\/\"}}]}<\/script>\n<!-- \/ Yoast SEO Premium plugin. -->","yoast_head_json":{"title":"Kapcsolat - Egyedit","robots":{"index":"noindex","follow":"follow","max-snippet":"max-snippet:-1","max-image-preview":"max-image-preview:large","max-video-preview":"max-video-preview:-1"},"og_locale":"hu_HU","og_type":"article","og_title":"Kapcsolat - Egyedit","og_description":"Kapcsolat C\u00edm 2100 G\u00f6d\u00f6ll\u0151, Hunyadi J\u00e1nus utca 19. Google maps El\u00e9rhet\u0151s\u00e9gek +36-70-205-8921 info@egyedit.hu \u00cdrj \u00fczenetet! Please enable JavaScript in your browser to complete this form.N\u00e9v *E-mail c\u00edm *\u00dczenet * K\u00fcld\u00e9s","og_url":"https:\/\/tradevancehub.hu\/egyedit\/contact\/","og_site_name":"Egyedit","article_modified_time":"2024-02-12T10:21:03+00:00","twitter_card":"summary_large_image","twitter_misc":{"Becs\u00fclt olvas\u00e1si id\u0151":"1 perc"},"schema":{"@context":"https:\/\/schema.org","@graph":[{"@type":"WebPage","@id":"https:\/\/tradevancehub.hu\/egyedit\/contact\/","url":"https:\/\/tradevancehub.hu\/egyedit\/contact\/","name":"Kapcsolat - Egyedit","isPartOf":{"@id":"https:\/\/tradevancehub.hu\/egyedit\/#website"},"datePublished":"2021-04-30T16:12:49+00:00","dateModified":"2024-02-12T10:21:03+00:00","inLanguage":"hu","potentialAction":[{"@type":"ReadAction","target":["https:\/\/tradevancehub.hu\/egyedit\/contact\/"]}]},{"@type":"WebSite","@id":"https:\/\/tradevancehub.hu\/egyedit\/#website","url":"https:\/\/tradevancehub.hu\/egyedit\/","name":"Egyedit","description":"","publisher":{"@id":"https:\/\/tradevancehub.hu\/egyedit\/#organization"},"potentialAction":[{"@type":"SearchAction","target":{"@type":"EntryPoint","urlTemplate":"https:\/\/tradevancehub.hu\/egyedit\/?s={search_term_string}"},"query-input":{"@type":"PropertyValueSpecification","valueRequired":true,"valueName":"search_term_string"}}],"inLanguage":"hu"},{"@type":"Organization","@id":"https:\/\/tradevancehub.hu\/egyedit\/#organization","name":"Egyedit","url":"https:\/\/tradevancehub.hu\/egyedit\/","logo":{"@type":"ImageObject","inLanguage":"hu","@id":"https:\/\/tradevancehub.hu\/egyedit\/#\/schema\/logo\/image\/","url":"https:\/\/tradevancehub.hu\/egyedit\/wp-content\/uploads\/sites\/8\/2024\/03\/Group-1.png","contentUrl":"https:\/\/tradevancehub.hu\/egyedit\/wp-content\/uploads\/sites\/8\/2024\/03\/Group-1.png","width":313,"height":89,"caption":"Egyedit"},"image":{"@id":"https:\/\/tradevancehub.hu\/egyedit\/#\/schema\/logo\/image\/"}}]}},"uagb_featured_image_src":{"full":false,"thumbnail":false,"medium":false,"medium_large":false,"large":false,"1536x1536":false,"2048x2048":false,"woocommerce_thumbnail":false,"woocommerce_single":false,"woocommerce_gallery_thumbnail":false},"uagb_author_info":{"display_name":"MonStar","author_link":"https:\/\/tradevancehub.hu\/egyedit\/author\/monstar\/"},"uagb_comment_info":0,"uagb_excerpt":"Kapcsolat C\u00edm 2100 G\u00f6d\u00f6ll\u0151, Hunyadi J\u00e1nus utca 19. Google maps El\u00e9rhet\u0151s\u00e9gek +36-70-205-8921 info@egyedit.hu \u00cdrj \u00fczenetet! Please enable JavaScript in your browser to complete this form.N\u00e9v *E-mail c\u00edm *\u00dczenet * K\u00fcld\u00e9s","_links":{"self":[{"href":"https:\/\/tradevancehub.hu\/egyedit\/wp-json\/wp\/v2\/pages\/637","targetHints":{"allow":["GET"]}}],"collection":[{"href":"https:\/\/tradevancehub.hu\/egyedit\/wp-json\/wp\/v2\/pages"}],"about":[{"href":"https:\/\/tradevancehub.hu\/egyedit\/wp-json\/wp\/v2\/types\/page"}],"author":[{"embeddable":true,"href":"https:\/\/tradevancehub.hu\/egyedit\/wp-json\/wp\/v2\/users\/2"}],"replies":[{"embeddable":true,"href":"https:\/\/tradevancehub.hu\/egyedit\/wp-json\/wp\/v2\/comments?post=637"}],"version-history":[{"count":0,"href":"https:\/\/tradevancehub.hu\/egyedit\/wp-json\/wp\/v2\/pages\/637\/revisions"}],"wp:attachment":[{"href":"https:\/\/tradevancehub.hu\/egyedit\/wp-json\/wp\/v2\/media?parent=637"}],"curies":[{"name":"wp","href":"https:\/\/api.w.org\/{rel}","templated":true}]}}